 3*v - j + 5 = 0. What are the prime factors of (v - -6) + -1 + 1?
3
Let p = -2 - -4. Let z(k) = k + k**p + 2 + 2*k - 2*k. What are the prime factors of z(-3)?
2
Let q be ((-15)/(-12))/((-1)/4). Let m(f) = -f**2 + 4*f + 2. Let r be m(3). Let v = r - q. List the prime factors of v.
2, 5
Let f(o) = 55*o - 2. List the prime factors of f(1).
53
What are the prime factors of 9 + 118 - (-2)/((-2)/(-3))?
2, 5, 13
Let k = 5 + -3. Suppose 61 = k*w + 3*r, -4*w + 132 = 5*r + 15. What are the prime factors of w?
23
Let y(o) = -o**2 - 6*o + 2. Let g be y(-6). Suppose -4*z + 1 = -5*s, -2*z = -g*s - 0*z - 2. Suppose -4 = -s*b + 2*b. What are the prime factors of b?
2
Let g be (-2)/8 - (-5)/20. Let j = g + 5. Suppose -2*l = -19 - j. What are the prime factors of l?
2, 3
Suppose -3*l = -2*s + 10, 3*s + 23 = l - 6*l. Let j(i) be the second derivative of -i**3/6 + 2*i**2 - i. What are the prime factors of j(l)?
2
Let v(a) = a**3 + 6*a**2 - 3*a + 5. What are the prime factors of v(-6)?
23
Let b = 36 - 108. Let u be (6/9)/((-2)/b). Let z = u - 10. List the prime factors of z.
2, 7
Let a(p) = -2*p**2 - p**2 + 8*p**2 + 1 + 0 + 2*p. What are the prime factors of a(-1)?
2
Let l = 69 - -9. What are the prime factors of l?
2, 3, 13
Let a be 13 - 2 - (-1 - -4). Suppose 3*p + 3*b = 9, -2*b + 4 = a. Suppose -p - 7 = -k. What are the prime factors of k?
2, 3
Let t = -16 - -28. List the prime factors of t.
2, 3
Let l(f) = 7*f**2 + 6*f - 14. What are the prime factors of l(4)?
2, 61
List the prime factors of (-6 - -1)/(-5)*32.
2
Let j be 3/(-1)*(2 + -4). Let q(v) = 2*v**2 - 8*v. Let u be q(j). Suppose -3*c + u - 6 = 0. List the prime factors of c.
2, 3
Let m be (-5)/(-2) - 5/10. Suppose -2*h + 56 = m*h. What are the prime factors of h?
2, 7
Let i(v) = -9*v + 1. Let l be i(-1). Suppose 5*h = n + 12, 2*n + l = 5*h + 1. What are the prime factors of n?
3
What are the prime factors of (-9 + 29)/(1/1)?
2, 5
Suppose -2*u - u = -f - 289, 0 = u - 2*f - 93. List the prime factors of u.
97
Let n be 1*(-1 + 4) - -1. Suppose n*x + 5*r = 25, 7 = x + 2*r - 0. What are the prime factors of x?
5
Let x = 3 - 1. List the prime factors of (x/(-4))/((-6)/216).
2, 3
Suppose -4*s - 5*z - 27 = 0, -6 = -0*s + 4*s - 2*z. Let d(o) = o - 6. Let i be d(4). What are the prime factors of s/((-1 - -2) + i)?
3
Let v(b) = b**3 - 7*b**2 + 11. List the prime factors of v(8).
3, 5
Let t be 32*1 + -2 - 3. Suppose -4*m + t = -3*m. What are the prime factors of m?
3
Suppose 0*v = -2*v. Suppose 2*r - 2*z = 90, 5*r + 2*z - 65 - 125 = v. List the prime factors of r.
2, 5
Let s be 1*(-6 + 2) - -10. What are the prime factors of (-685)/(-15) + 2/s?
2, 23
Suppose -2*p - 17 = w, -p - w - 29 = 3*p. Suppose 4*v - 64 = -0*v. Let b = p + v. List the prime factors of b.
2, 5
Let j(p) = p**3 - 5*p**2 - 2*p - 1. Let g be j(5). What are the prime factors of (g/1)/(-5 - -4)?
11
List the prime factors of 178 + -2*(-5)/10.
179
Let n(h) = -h**3 + 3*h**2 + 4*h + 2. Let x be n(4). Suppose -6 = x*m - m. What are the prime factors of 61/7 - m/21?
3
Let q(b) = 9*b + 1. Let k be q(1). Suppose k = -i + 3*i. Let n = i + 1. What are the prime factors of n?
2, 3
Let w be 64/36 + 6/27. List the prime factors of (-2 + -1 + w)*-19.
19
Let c be (-58)/8 - 2/(-8). Suppose -5*s - 71 = -2*w + 24, -4*w = -4*s - 88. Let p = c - s. What are the prime factors of p?
2, 5
Let w = 6 - 1. Let z be (-10)/45 - (-116)/36. Suppose -4*v + 4*g = -20, -w*v = -4*v + z*g + 3. What are the prime factors of v?
3
Suppose 4*q = -q + 10, -5*y + 20 = -5*q. Suppose -8*s + 140 = -4*s. Suppose 0 = y*c - c - s. List the prime factors of c.
7
Suppose -z - 48 = 3*z. Let d be (-1)/(-6) - (-14)/z. What are the prime factors of 95/10 + d/(-2)?
2, 5
Suppose -h = -73 + 22. What are the prime factors of h?
3, 17
Let p = 128 + -3. List the prime factors of p.
5
Let a be (6/9)/((-2)/(-6)). Suppose y = -a*y + 63. What are the prime factors of y?
3, 7
Suppose 0 = -2*b + 4*i - 8, -3 = i - 5. Suppose -5*j - 31 - 9 = b. Let s = 4 - j. List the prime factors of s.
2, 3
Let d = 100 - 37. Let z = d + -15. What are the prime factors of z?
2, 3
Let x(o) = o + 4. Let j be x(0). Let c = 7 - j. Suppose c*h + 0*m = 4*m + 48, -4*h + 4*m = -60. List the prime factors of h.
2, 3
Suppose -192 = -10*m + 398. What are the prime factors of m?
59
Let k(j) = j - 3. Suppose 5*d - 3*q - 40 = 0, 3*d + 3*q + 5 = d. List the prime factors of k(d).
2
Let x be 0/(-2 + 1 + -1). Suppose 6 = -x*j + j. Let k = j + -2. What are the prime factors of k?
2
Let y(j) = j**3 - j**2 + j + 4. Let n be y(0). Suppose n*k - 4 = 12, -k = g - 4. Suppose -10 = -4*a + 2*v, a - v - 2 + g = 0. List the prime factors of a.
3
Suppose -2*q - q - 4*z = 10, 5 = z. Let k = 7 + -9. What are the prime factors of (-3 - -3) + q/k?
5
Let t(x) = -x + 8. Suppose -3*g = -4*p - 23, -4*g + 15 = g + 5*p. Let y be t(g). Suppose 21 = -0*l + y*l. List the prime factors of l.
7
Let w = -36 + 2. Let l = -23 - w. What are the prime factors of l?
11
Suppose 4*d + 3*j - 52 = 0, 3 = -d - 4*j + 29. What are the prime factors of d?
2, 5
Suppose -4*d - h = -12, d = 2*h - 3*h + 6. Suppose 3*w - 3 = x + d, 0 = -3*w - 4*x + 10. What are the prime factors of w?
2
Let q be 4/6 + 7/3. Suppose 3*w + q*v - 1 - 38 = 0, 12 = -3*v. List the prime factors of w.
17
Let i(y) = y**2 - y + 17. Let r be (3/6 + 0)*0. List the prime factors of i(r).
17
Suppose 0 = 2*g - 0 - 2. Let a(v) = 15*v - 1. Let b be a(g). Let l = b + -6. What are the prime factors of l?
2
Let q be 639/27 - (-2)/6. Suppose q = m + 3*m. List the prime factors of m.
2, 3
Suppose w + 2 = 2*w. Suppose -w*z + 6 = 4*i, -3 = -i - 3*z + 4*z. List the prime factors of i.
2
Let n(x) = 4*x**2 + 4*x - 3. Let o be n(2). Let g = o + -15. List the prime factors of g.
2, 3
Suppose 0 = -4*j - 4*j + 896. List the prime factors of j.
2, 7
Suppose 2*p + o + 6 = -o, 11 = -p - 5*o. Let q be (-6)/(-4)*(-32)/(-2). What are the prime factors of (-1)/(p + 22/q)?
2, 3
Let p = 6 - 5. What are the prime factors of (-255)/(-20) + p/4?
13
Suppose -21 = -u + 2. What are the prime factors of u?
23
Let z = 10 - 5. Suppose -4*b + 14 = j, z*b - 2*b = j + 21. List the prime factors of j/(-33) + 238/22.
11
Let y = 94 - 48. List the prime factors of y.
2, 23
Suppose -5*w - 2*a = -3 - 10, 5*w - a - 16 = 0. Suppose -w - 5 = -4*c. What are the prime factors of (-2)/c*(-6)/2?
3
List the prime factors of -1*(-6 - (2 - -1)).
3
Let w(y) = -y**3 - 5*y**2 + 14*y + 28. List the prime factors of w(-7).
2, 7
Suppose -4*g - 14 = -h, 5*h - 5*g - 163 = -63. List the prime factors of h.
2, 11
Suppose s + 5*j + 26 = -0, 5*s = -2*j - 153. Let x = 6 - s. What are the prime factors of x?
37
What are the prime factors of 17/(340/8) + 528/5?
2, 53
Let x(u) = -u**3 - 2*u**2 - 5*u - 4. Let c be x(-4). Suppose 0 = -2*i - i - c. Let b = 22 + i. List the prime factors of b.
2, 3
Let c = 7 - 5. Suppose 0 = c*x + x - 15, -4*o - 4*x + 4 = 0. What are the prime factors of 18/o*4/(-3)?
2, 3
Let m = 2 + 1. Let f(l) = -l**3 + 3*l**2 + 3*l - 2. What are the prime factors of f(m)?
7
Let q be (6/4)/(-3)*0. Suppose 0 = 2*u - 12 + 4. Suppose 0 = -q*i - u*i + 36. What are the prime factors of i?
3
Suppose -2*a - 4 = -3*t + 3*a, 0 = -t - 2*a + 5. Suppose -t*b - 20 = -5*b. What are the prime factors of b?
2, 5
Let r(b) be the first derivative of 13*b**3/3 - b**2 - b + 2. List the prime factors of r(-1).
2, 7
Let x(j) be the first derivative of 2*j**3 - j**2/2 + j + 1. List the prime factors of x(2).
23
Let c(n) = 10*n. Let w(v) = 11*v. Let u(j) = -6*c(j) + 4*w(j). What are the prime factors of u(-2)?
2
Suppose 4*t - 3*t + 19 = 0. Let f be (-170)/4*(-8)/10. Let h = f + t. What are the prime factors of h?
3, 5
Let w(q) = -q**3 - q**2 + 3*q + 3. Let o be w(-4). Suppose -3*b = -3*d - o, 2*d - 31 = -2*b + 5*d. List the prime factors of b.
2
Let x be ((-12)/9)/(7/(-21)). Suppose -n + i = -x*i - 46, 4*n - 205 = -i. List the prime factors of n.
3, 17
Let g be 20/7 + (-7)/(-49). Suppose -17 = -g*t - c + 22, t - 3 = 3*c. List the prime factors of t.
2, 3
Let w(p) be the third derivative of -p**6/120 + p**5/30 + p**4/8 + p**3/3 - 2*p**2. What are the prime factors of w(-2)?
2, 3
Suppose -2*q + 6 = -0*q. List the prime factors of q.
3
Let g = 28 + 1. Let j = g + -11. Suppose 2*a + a - j = 0. List t